 - 0*g - 12. Calculate the remainder when 11 is divided by g.
5
What is the remainder when (35/10)/(1 + 26/(-28)) is divided by 10?
9
Suppose -5*g - 3*r = -r - 51, -5*g = -r - 42. Let q(x) = -34*x. What is the remainder when q(-1) is divided by g?
7
Suppose 0*p - 144 = -4*p. What is the remainder when p is divided by 13?
10
What is the remainder when 102 is divided by (-3 - 90/(-5))*(1 - 0)?
12
Calculate the remainder when ((-14)/(-4) + 0)/(17/578) is divided by 60.
59
Suppose 0 = -5*s - 4*r + 329, 3*s = -0*s - r + 196. What is the remainder when s is divided by 17?
14
Suppose -3*x + 17 = 2*s, -2*s + 2*x + 42 = 2*s. What is the remainder when s is divided by -1 + (-3 + 18)/3?
2
Suppose 0*o = 13*o - 78. Calculate the remainder when 41 is divided by o.
5
Let r(o) = -2 + o + 24 + 3. Calculate the remainder when 31 is divided by r(-17).
7
Let q(o) = -12*o + 6. What is the remainder when q(-6) is divided by 41?
37
Suppose -4*j = 8 + 4. Let i = 9 - j. Calculate the remainder when 23 is divided by i.
11
Let c = -401 + 416. Let b(w) = -15*w - 2. Calculate the remainder when b(-3) is divided by c.
13
Suppose 8*t = -0*t + 64. Suppose 0 = -3*v + 7*v + 16, -5*b = 5*v - 5. Calculate the remainder when t is divided by b.
3
Let m = 13 + 8. What is the remainder when ((-7)/m)/((-1)/207) is divided by 18?
15
Let g be (-1)/((-2)/12*-2). Let i(o) = o**2 + 2*o - 1. Let w(q) = -3*q**2 - 73*q + 53. What is the remainder when w(-25) is divided by i(g)?
1
Let v(m) = -9*m + 2. Let o be v(-1). Let b = o + 85. What is the remainder when b is divided by 33?
30
Let c(j) = 7*j - 97. Calculate the remainder when c(33) is divided by 45.
44
Suppose 3*b = -3*k - 40 + 127, 2*b = k - 41. Calculate the remainder when 112 is divided by k.
13
Calculate the remainder when 166 + (-5)/((-5)/(-3)) is divided by 41.
40
Let f(g) = 4*g - 19. Let j(n) = -n**3 - 5*n**2 + n + 6. Calculate the remainder when f(5) is divided by j(-5).
0
Suppose 3*u + 2*u = 150. What is the remainder when u is divided by 16?
14
Suppose -3*c - 5*w = -29 - 5, -c - 3*w = -18. Let d be (-1 + (-4 - -1))*1. Let b = c - d. Calculate the remainder when 12 is divided by b.
5
Let p(n) = -13*n - 2. Suppose 0*i + 5*i - 150 = 0. Calculate the remainder when i is divided by p(-1).
8
Let u(l) = l**2 + l + 5. What is the remainder when 37 is divided by u(0)?
2
Suppose -4*i - 3*i + 308 = 0. Calculate the remainder when 174 is divided by i.
42
Let j(f) = f**3 + 6*f**2 - 18*f - 9. Calculate the remainder when 15 is divided by j(-8).
1
Suppose -13*f - 11 = -14*f. Calculate the remainder when 40 is divided by f.
7
Suppose 6*z = -16 + 178. Calculate the remainder when z is divided by 15.
12
Let j be -2 + 0/(-3) + -1. Calculate the remainder when j + 2 + 6 + 3 is divided by 5.
3
Let p(v) = v**2 - 5*v - 1. Let m be p(5). What is the remainder when 94 is divided by (5 - m)*(-128)/(-24)?
30
Suppose -19*m = -9*m - 310. Calculate the remainder when 154 is divided by m.
30
Let t = -111 - -142. Calculate the remainder when t is divided by 17.
14
Let b = -21 - -36. What is the remainder when b is divided by 8?
7
Suppose -2*q + 3*q = 3. Suppose 2*v = 5*v + 42. Let h = 21 + v. What is the remainder when h is divided by q?
1
Calculate the remainder when 35 is divided by (10/(-5))/((-4)/26).
9
Let f(l) = -l**3 - 7*l**2 + 7*l - 3. Let c be f(-8). Suppose c*i = 2*t + 41, 2*i + 3 = -t + 14. Calculate the remainder when 11 is divided by i.
4
Suppose 0 = c - 85 - 7. Let u = -22 - -37. What is the remainder when u is divided by c/12 - (-1)/3?
7
Suppose 8 = 3*h + h. Suppose 0 = 5*p - 4 - 6. Calculate the remainder when h is divided by p.
0
Suppose -5*v = -0*v - 65. Let o be -2*(90/4)/5. What is the remainder when 8/(-36) - 227/o is divided by v?
12
Let c(b) = -b**3 - 5*b**2 + 3*b + 3. Let p be c(-5). Let g = p + 13. What is the remainder when 4/14 - 36/(-21) is divided by g?
0
Suppose -t = 9 - 38. Calculate the remainder when 56 is divided by t.
27
Let k = 35 - 24. Calculate the remainder when 21 is divided by k.
10
Let o(t) = t**3 + 5*t**2 - 4*t + 5. Calculate the remainder when o(2) is divided by 7.
4
Let k = 0 + 0. Let l(w) = 3*w - 8. Let h be l(6). Suppose k = z + 4*m + 2, 2*z - h = -4*m + 6. Calculate the remainder when 52 is divided by z.
16
Let g = 246 - 121. What is the remainder when g is divided by 32?
29
Let y = -9 + 4. Let z be (-17)/y + (-12)/(-20). Suppose -13 + 1 = -z*h. What is the remainder when 10 is divided by h?
1
Let v(b) = b**2 + 3*b. Let d be v(-3). Suppose -2*i = -d*i - 16. Calculate the remainder when 29 is divided by i.
5
Let s = -8 + 23. Suppose 0 = -2*y + 56 + 32. What is the remainder when y is divided by s?
14
Let s(b) = b**2 - 5*b + 13. Calculate the remainder when 94 is divided by s(6).
18
Let l = -11 + 27. Suppose 0 = -i - 5*k + 71, -4*k = -3*i - k + 177. Calculate the remainder when i is divided by l.
13
Suppose -100 = -4*l + 4*m, -3*l + 4*m = -28 - 51. Calculate the remainder when ((-2)/(-4))/((-1)/(-162)) is divided by l.
18
Let t = 1 - -13. Let h = -2 + t. Suppose -2*i = -3*q + 94, 2*i = q - 7 - 19. Calculate the remainder when q is divided by h.
10
What is the remainder when 32/(-80) - 342/(-5) is divided by 14?
12
Calculate the remainder when 1/(2/272*2) is divided by (23/(-2))/((-8)/16).
22
Let u(l) = l**3 - 14*l**2 + 15*l + 16. What is the remainder when u(13) is divided by 22?
20
Let m(l) = 3*l - 4. Let k(p) = -24*p + 33. Let s(d) = 4*k(d) + 33*m(d). Calculate the remainder when 7 is divided by s(1).
1
Suppose -6*l + 2*l + 50 = i, -5*l = 5*i - 310. Suppose -3*z + 18 + i = 0. What is the remainder when z is divided by 10?
8
Let b(i) = -i**3 - 3*i**2 - 2*i - 2. Let z be b(-2). Let r(j) = -16*j. What is the remainder when r(z) is divided by 147/9 - (-4)/6?
15
Let h(f) = 7*f**2 - 3. Let o(t) = -1. Let d(l) = h(l) - 4*o(l). Calculate the remainder when 14 is divided by d(-1).
6
Let q be -9 - (8/4)/2. Let x(n) = -n + 11. Calculate the remainder when (q/3)/(5/(-30)) is divided by x(0).
9
Suppose -67 = -2*i - f + 2*f, 4*f + 93 = 3*i. Let j(g) = g**3 - 7*g**2 + 2*g + 5. What is the remainder when i is divided by j(7)?
16
Let d = -2 - 0. Let h be d/(1/(3 - 2)). Calculate the remainder when 9 is divided by 3*(-4)/6*h.
1
Let q be (-124)/(-10) - 2/5. Suppose 3*z = q, -4*c + 48 = -3*z + z. Suppose -8*u + 16 = -6*u. Calculate the remainder when c is divided by u.
6
Suppose 2*j = 3*j - 11. Suppose -5*t - j = -71. Let g = 21 - t. What is the remainder when 25 is divided by g?
7
Suppose 2*n + 4*x = -4, -n + 4*x = 4*n - 18. Suppose 0 = -5*y + 25, -3*y + 1 = -2*j - n. What is the remainder when 11 is divided by j?
5
Let q = 66 + 24. Let h(y) = y**2 + 7*y - 37. Calculate the remainder when q is divided by h(5).
21
Suppose 2*c = 6*c - 68. Let w be -6*(2 + 8/(-3)). Suppose -2*r - w = 0, 3*p + r = -r + 23. Calculate the remainder when c is divided by p.
8
Suppose -4*q + 60 = -6*r + 2*r, -2*q - 10 = 0. What is the remainder when 3 is divided by (4/10)/((-4)/r)?
1
Let d(c) = c**3 - 12*c**2 - 13*c + 7. Let j = -2 - -2. What is the remainder when 24 - (j - (3 + 0)) is divided by d(13)?
6
Let f = -45 + 53. What is the remainder when 11 is divided by f?
3
Suppose -2*t - 5*g = -4, 3*g = -0*g - 6. Calculate the remainder when 13 is divided by t.
6
Let u = 24 - 17. What is the remainder when 18 is divided by u?
4
Suppose -3*z = 2*u - 39, -2*u + 43 = 2*z + 1. What is the remainder when u is divided by 9?
6
Let i = 12 + 20. Let o(n) = n**3 + 5*n**2 + 2*n - 8. Let l be o(-6). Let c = -39 - l. What is the remainder when i is divided by c?
15
Let w(z) = -5*z - 3. Let d(a) = 4 - 3 - 4*a - 2 - 3. Let q(k) = 6*d(k) - 5*w(k). Calculate the remainder when q(12) is divided by 1.
0
Let i(h) = -2*h**3 - 6*h**2 - 2*h - 2. Let t = 1 + -5. Calculate the remainder when i(t) is divided by (1 - 1 - 1)*-13.
12
Let q(x) = 4*x**2 + 1. Let i be q(1). Let y(d) = -7 + i*d + 0*d + 4*d. Calculate the remainder when y(5) is divided by 20.
18
Suppose -u - 4*u = -20. Suppose -u*p = -24 - 44. What is the remainder when p is divided by 5?
2
What is the remainder when 138 is divided by 1 + -3 - (-3)/2*20?
26
Let o(d) = d**2 - 8*d + 4. Let t be o(8). Suppose -t*x - 33 = -3*c - 0*x, -x = 2*c - 33. Calculate the remainder when 28 is divided by c.
13
What is the remainder wh